2*-3*1. Suppose 3*u = q - 21. Let k = -6 - -10. Calculate the greatest common factor of k and u.
4
Let a be 4*5/180 - (-52)/18. Suppose -617 = -3*g - 2*q, -a*g + 593 = -0*g - 4*q. What is the highest common factor of 28 and g?
7
Suppose -4*q = 4*s - 20, -q = 4*s + q - 14. Let n be s/((-3)/126*-3). Let p be 3/(-4) + 2933/n. What is the highest common factor of 26 and p?
26
Let z = 241 + -251. Let m be (-2964)/(-95) + (-8)/z. Let u be (12/(-14))/(9/(-252)). Calculate the highest common factor of m and u.
8
Let w = 102 - 98. Suppose 25*z = 27*z - w. Suppose -4*c + z = -6. Calculate the highest common divisor of 34 and c.
2
Let y = 185 + -334. Let n be -1 - y/7 - (-10)/(-35). What is the highest common divisor of 320 and n?
20
Let v be 18*(0 - (-13)/2). Let b(s) = -267 + 20*s + 7*s + 13*s. Let t be b(7). Calculate the highest common factor of v and t.
13
Suppose 2*y = 3*a + 12123, -2*y + 0*a + 12122 = -2*a. What is the highest common factor of 60 and y?
60
Suppose 5*i + 5*y - 125 = 0, 0 = -3*i - 12*y + 14*y + 60. Let u = -243 - -408. Calculate the highest common factor of u and i.
11
Let r = -254880 - -254992. Let g(q) = -77*q + 7. Let n be g(-5). What is the greatest common factor of r and n?
56
Let n = -41 - -111. Let w be (-937536)/(-67077) + 4/174. What is the greatest common factor of n and w?
14
Suppose 0 = 8*o - 6*o + 74. Let s = o + 41. Suppose 10*g - 1134 = s*g. What is the highest common divisor of 21 and g?
21
Suppose 0 = -4*z + 3*l + 32, 3 - 48 = -3*z - 3*l. What is the greatest common divisor of 1529 and z?
11
Let a be 2 + ((-143322)/(-48) - (-2)/16). What is the highest common divisor of 63 and a?
9
Let z be (12/14)/(-2 - (-113)/56). Let m be z/(10 - -2)*35/2. What is the greatest common divisor of 112 and m?
14
Let b = -6610 - -19518. What is the highest common divisor of 28 and b?
28
Let u(k) = 2*k - 6. Let j be u(5). Suppose 0*b - 252 = -j*b. Suppose 236*w - 661 = 17*w + 872. What is the highest common factor of w and b?
7
Let v be (-55)/((-275)/23370) + -9. What is the highest common divisor of v and 15?
15
Suppose -4*h = -249 + 29. Suppose -273*d + 285*d + 70 = 2*b, 39 = 5*b + 4*d. Calculate the highest common divisor of b and h.
11
Suppose 22*l = 54263 - 28790 + 49151. Calculate the highest common factor of l and 24.
8
Let h be (8/24 - 6/(-18))/(2/4650). Calculate the greatest common divisor of h and 248.
62
Suppose -f = 2, -5*x - 30 = 5*f - 0*f. Let j(h) = -h**3 - 2*h**2 + 13*h + 26. Let n be j(x). Calculate the highest common divisor of 276 and n.
6
Let b(m) = m**3 + 107*m**2 - 106*m + 226. Let u be b(-108). What is the greatest common factor of 8290 and u?
10
Suppose -464*w + 475*w - 616 = 0. What is the greatest common factor of 182 and w?
14
Suppose -4*r - 8 = 0, -23848 = -2*h - 5*r + 4*r. What is the highest common divisor of h and 530?
265
Suppose 3*u = -9, 4*v + 12*u - 8*u - 88 = 0. Suppose -18*p + 4700 = 29*p. Calculate the greatest common divisor of v and p.
25
Suppose 3*g = h + 1429, 0*g - h - 954 = -2*g. Suppose 3*z - 27 = 5*p, -2*z = 5*p - 2*p - 56. Calculate the highest common divisor of g and z.
19
Suppose -20*s + 52*s = 15936. Calculate the greatest common factor of s and 6.
6
Suppose 0 = 3*d - 2 - 4. Let x be ((-3)/d)/((-6)/208). Let h(q) = q**2 + 169*q + 3384. Let j be h(-146). Calculate the greatest common divisor of j and x.
26
Let l(k) = 2 - k**2 + 14 + 113*k - 121*k. Let j be l(-8). Suppose j*p - 10*p - 48 = 0. What is the highest common divisor of p and 8?
8
Let y(j) = -4*j + 44. Let w(q) = q - 2. Let c be w(7). Let b be y(c). What is the highest common factor of 6 and b?
6
Let p be (-340)/(-14) + 12/(-42). Let g be (-1 - (-12)/(-8))*(-144)/45. Calculate the greatest common factor of g and p.
8
Suppose 189*p = 583394 + 1035580. What is the highest common factor of 2 and p?
2
Let b(c) = c**2 - 51*c + 1168. Let k be b(67). What is the highest common divisor of 336 and k?
112
Let y = -31288 - -34967. What is the greatest common factor of 52 and y?
13
Let u = 246 - 241. Suppose -6*k + 3 = -u*k. Calculate the highest common factor of k and 1.
1
Let r be 780/(-84) + 2/7. Let z be (-30)/r*(255/25)/1. What is the greatest common divisor of z and 8?
2
Let i(f) = 27*f**2 + 8*f - 1411. Let n be i(35). What is the highest common divisor of 132 and n?
132
Let y be -7 - (8 - 9 - 1*-2). Let c be (-24)/10*(-388 - y). Calculate the highest common divisor of 57 and c.
57
Let t(a) = 3*a**3 - 12*a**2 + 20*a - 1. Let r be t(2). Suppose 2 = 2*y - 0. Let q be y/4 + 2093/28. Calculate the highest common divisor of q and r.
15
Suppose -2*x = q - 264, -3*x - x + 256 = q. What is the highest common factor of 32 and q?
16
Let g(q) = -38*q + 1924. Let z be g(44). What is the highest common divisor of z and 672?
84
Let n(p) = -p**3 - 70*p**2 + 295*p + 184. Let j be n(-74). What is the greatest common divisor of j and 86?
86
Let u(x) = -6*x + 226. Let n(v) = -2*v + 76. Let m(z) = 7*n(z) - 2*u(z). Let j be m(36). What is the highest common divisor of 16 and j?
8
Let d = -168 - -79. Let x = 111 - d. Calculate the greatest common divisor of 175 and x.
25
Suppose -5*y + 5*i + 1385 = -0*i, 0 = -5*i + 20. Let d = -270 + y. What is the greatest common divisor of d and 451?
11
Suppose -431 = -c + 76. Suppose -10*d = 117 - c. What is the highest common divisor of 156 and d?
39
Suppose -4*y = -4*d + 23 - 71, d + 2*y = -24. Let z = d - -232. Let q be ((-6)/8)/((12/(-2))/z). Calculate the greatest common factor of 18 and q.
9
Let k(p) = 25*p**2 + 40*p + 10. Let z be k(4). What is the highest common divisor of 15 and z?
15
Let s = 1966 - 1818. Calculate the highest common divisor of s and 481.
37
Let r = 2535 + -2520. What is the highest common factor of 5145 and r?
15
Let s(a) = 3*a**2 + 24*a. Let o be s(-8). Suppose 5*j + 2*p - 23 - 41 = o, 2*p + 34 = 2*j. What is the greatest common factor of j and 21?
7
Let h be (-3)/2*(-63 + -6 + 15). Suppose -7*r = -4*r - h. Calculate the greatest common factor of 189 and r.
27
Suppose -5*b - 26 = -5*k + 2*k, -5*b + 23 = 4*k. Suppose 0 = k*g - 2*g - 175. Calculate the greatest common factor of 280 and g.
35
Let s = -10327 - -10330. Let t be (-14)/(-2) - (4 - 2). Suppose -2*w = 2*w - 20, -3*h = t*w - 70. What is the highest common factor of s and h?
3
Suppose -11883 + 2363 = -17*n. What is the highest common factor of n and 3520?
80
Suppose 0 = 15*i - 12*i + 105. Let b = i - -34. Let n be (b - -2)*(-45)/2*-2. Calculate the highest common divisor of n and 9.
9
Suppose 5*u = i + i - 327, -i + 1 = 0. Let k = u + 68. Let o be (k/12)/(2/184). Calculate the highest common divisor of 253 and o.
23
Let h = -34227 + 73728. What is the highest common divisor of h and 171?
171
Suppose -11 = 2*i - 471. Let z = -33 + 30. Let v be (2/z)/((-6)/90). Calculate the greatest common divisor of v and i.
10
Let q = 139 - 22. Let k = -8257 + 8270. Calculate the highest common divisor of q and k.
13
Suppose -5*i - 3*j = -297, 2*i + 4*j - 48 = 82. Let f(k) = -k**2 - 10*k - 3. Let l be f(-9). What is the greatest common factor of i and l?
3
Let s be 2/60 - (-4139729)/13530. What is the highest common factor of s and 4488?
102
Suppose 72 = -3*a + 240. Let x = -394 + 397. Suppose x*c - 3*h - 51 = 0, 6*c - h - 45 = 3*c. Calculate the greatest common factor of c and a.
14
Let v be 33/(-6)*-4 - -10. Let y(f) = f**2 + f - 37. Let a be y(0). Let x = 117 + a. What is the greatest common factor of v and x?
16
Let t = -20 + 44. Let u = 107498 - 107486. What is the highest common divisor of t and u?
12
Suppose 23*d - 32*d = 108*d - 4095. Calculate the highest common divisor of d and 15505.
35
Let b(x) = -22*x**3 + 50*x**2 + 49*x + 1. Let t be b(-1). Calculate the highest common divisor of 498 and t.
6
Suppose -15*j + 3856 = -3464. What is the greatest common divisor of 72 and j?
8
Suppose l - 17 = -j, -6*j + 4*l - 38 = -7*j. What is the highest common factor of j and 3720?
10
Suppose -55*p - 203*p + 5847 - 1461 = 0. What is the highest common divisor of p and 3927?
17
Let s be ((-100)/(-14))/(252/2352)*(1 + 2). What is the greatest common divisor of 3600 and s?
200
Let z be (-15 - (-4 + 0)) + -7 + (-3 - -2). Let i = 60 - 15. Let j = z + i. What is the highest common factor of j and 338?
26
Suppose 4*r = -2*w + 18, 2*r - 2*w = -4 - 2. What is